
Let s(b) = -b**3 - 3*b**2 - 4*b - 18. Let h be s(-3). Let t be 1/(2/h) + 364/14. Calculate the greatest common divisor of 46 and t.
23
Let x = -40 + 83. Let z = -46 + x. Let h be 2/16 + (20442/48 - z). What is the highest common factor of h and 39?
39
Suppose -70*z - 4*q - 3310 = -75*z, 5*z + 4*q = 3350. What is the highest common divisor of 74 and z?
74
Let g be ((-42)/4)/(270/900)*72/(-14). Calculate the highest common divisor of 1044 and g.
36
Let q(b) = b**3 + 7*b**2 - 12*b + 8. Let r be q(-8). Let w = 149 - 133. Suppose -28*a + w = -27*a. Calculate the greatest common factor of r and a.
8
Suppose -p - t = -216, 4*t = 15*p - 20*p + 1079. Calculate the greatest common divisor of p and 1247.
43
Let a(n) = -9*n - 5. Let o be a(7). Let h = o + -12. Let q be (2 - 37)*h/56. What is the greatest common factor of q and 10?
10
Let x(m) = -596*m - 3065. Let b be x(-6). Calculate the highest common factor of 146 and b.
73
Suppose -44 - 4 = -3*f. Let i(a) = -53 + 1021*a + 77 - 15*a**2 + a**3 - 1038*a. Let q be i(f). What is the greatest common divisor of q and 16?
8
Let y(h) = -h**2 - 4*h + 80. Let j be y(7). Suppose 1672 = d + j*d. Let m be 114/(-4)*(-8)/6. Calculate the greatest common factor of m and d.
38
Let w(y) = -156*y - 1095. Let j be w(-17). Calculate the greatest common divisor of 346 and j.
173
Let r = 14011 + -13982. Suppose 57 = 2*c + s, 0 = 4*c - s + 2*s - 115. Calculate the greatest common factor of c and r.
29
Let d be 9/(90/(-4)) - (-62)/5. Let t be 240/28 - d/21. What is the highest common divisor of t and 6?
2
Let r be 80*(23/3 - 8 - 12/(-9)). Calculate the greatest common divisor of r and 144.
16
Suppose -5933 + 153 = -10*i. Let h = i - 538. Let r(w) = w**2 + 3*w - 8. Let b be r(-7). What is the highest common divisor of h and b?
20
Let z be (-12)/(-8)*(-20)/(-3) - -4. Suppose 18*c - 972 = z*c - 3*a, -1215 = -5*c + 5*a. Calculate the greatest common factor of 9 and c.
9
Suppose 3*z - 226 = -0*z + 4*b, -3*z = -5*b - 230. Let o = -38468 - -38713. Calculate the highest common divisor of o and z.
35
Let m(f) = -60*f - 12. Let g be m(-1). Suppose 3*b + g = 4*y, -y + 12 = -5*b + 9*b. What is the greatest common factor of y and 3?
3
Let w be 6/10 + (-471)/(-15). Suppose 0 = -s + 3*s - w. Let y = -4171 - -4283. Calculate the greatest common factor of y and s.
16
Suppose -3*o + 18 = 0, -9*p - 3*o - 33006 = -13*p. What is the highest common divisor of p and 32?
32
Suppose 9*k - 17075 = 88*k - 240013. What is the highest common divisor of 1992 and k?
166
Let y = 25 + -12. Let g be 9*(2/4)/(6/4). Suppose -g*h = -0*h - 273. What is the greatest common factor of h and y?
13
Let s = -69 + 95. Let h(w) be the first derivative of 7*w**3/3 - 13*w**2/2 + 8*w - 5. Let u be h(6). Calculate the highest common divisor of s and u.
26
Let p be 1804/(-7) - 2/7. Let k = p - -383. What is the highest common divisor of 10 and k?
5
Let s = -3444 + 3988. Calculate the highest common factor of s and 8.
8
Suppose 5*a - 4*a - 4*b = 48, -a - 5*b = -21. Suppose -5*l = -9*l + a. Calculate the highest common divisor of l and 99.
9
Suppose -880 = -5*b - 4*y, -3*b + 133 = 3*y - 392. What is the highest common divisor of 360 and b?
180
Let x(c) = 2*c**2 + 4*c. Let w(i) = i**2 + 1. Let t(b) = 3*w(b) - x(b). Let y be t(7). Suppose 5*s - 279 = -219. What is the highest common factor of y and s?
12
Suppose 0 = -22*u + 32*u + 40. Let x be 6 + (-36)/u - -2. Calculate the greatest common divisor of x and 748.
17
Let b be 32/12*3015/268. Let r = 146 - -154. Calculate the greatest common factor of b and r.
30
Let y = -15444 - -15512. What is the greatest common divisor of 12172 and y?
68
Let j(s) be the third derivative of -s**5/12 + s**4/4 + s**3 - 14*s**2. Let i be j(-3). Let d = i + 97. What is the highest common factor of d and 5?
5
Let b(x) = x**3 - 61*x**2 - 110*x - 160. Let h be b(63). What is the highest common factor of h and 32?
16
Let d be ((-16543)/1631)/(1/(-14)). What is the highest common divisor of 2 and d?
2
Suppose -n + 20 = 1. Let z be ((-2)/6)/(6/76*410/(-14760)). Calculate the greatest common factor of z and n.
19
Suppose -1377 = -4*j + 271. Let x be ((-2068)/15510)/(1/(-30)). Calculate the highest common divisor of x and j.
4
Let f = 15617 - 15456. Suppose 2*v - 5*x - 124 = 75, 4*v = 2*x + 374. Calculate the highest common divisor of f and v.
23
Let j(f) = 6*f + 420. Let t be j(-45). What is the highest common divisor of 18 and t?
6
Suppose 2*v = 3*x - 38, 4*v = 4*x - 2*x - 20. Suppose -y = -4*f + 500, 2*y + 4*y = 24. What is the greatest common factor of x and f?
14
Suppose -5*u - 15192 = -17322. What is the highest common divisor of u and 1420?
142
Let f(y) = y**3 + 3*y**2 + 3*y - 2. Let x be f(-2). Let d be ((-15)/10)/(x/(-8)) - -178. What is the highest common divisor of 70 and d?
35
Let a = -36 - -42. Let i(r) = 8 + 10*r + 7*r + a - 5. Let l be i(4). What is the greatest common divisor of l and 11?
11
Suppose 66*r - 441 = 3189. Let l be (-110)/(-4)*16/20. What is the highest common divisor of l and r?
11
Let j be 127/4 + (-7)/(-28) - 6. Suppose 5*r = -2*p + 60 + j, 5*r = -p + 88. Let v be (-82)/(-7) + (-4)/(-14). Calculate the highest common divisor of v and r.
6
Let u be -2 + 3 + 1 + 0. Suppose 0 = u*c - 27 - 21. Suppose z = h - 1 - c, -2*h = -5*z - 59. What is the highest common factor of h and 44?
22
Let g = 73 + -38. Suppose y = 4*n - 11, -2*n - 5*y - 10 = -7*n. Suppose 4*f - 14 = n*f. What is the highest common factor of g and f?
7
Let l = 302 + -268. Suppose -2*c + 5*c - 1234 = -5*o, o = -2*c + 818. What is the highest common divisor of l and c?
34
Suppose -3*q - 3*r = -666, r - 437 = 3*q - 5*q. Calculate the highest common factor of q and 86.
43
Let p(i) = 95*i - 91. Let o be p(4). Let f = o + -121. What is the greatest common factor of f and 72?
24
Let u be (-2)/(-6)*15 - (166 - 5). Let d be ((-20)/6)/(65/u). What is the greatest common divisor of d and 10?
2
Let z = 18 - 14. Suppose -3*y = p - 6, y + z*p - 5 = -3. Let n be (y/3)/(-3 - 220/(-72)). Calculate the highest common divisor of 24 and n.
12
Suppose 7*y = 15*y + 8960. Let o be ((-18)/(-15))/((-12)/y). Let b(u) = -17*u - 1. Let v be b(-1). What is the highest common factor of v and o?
16
Let x be -34*5/(-80) + (-3)/24. Suppose 4*h + 3*b - x*b = 13, -2*h = 5*b + 7. What is the greatest common divisor of 6 and h?
2
Let z be (48/(-20))/(3/(-5)). What is the greatest common factor of z and 236?
4
Let m(p) = p**2 + 34*p + 2. Let v be m(-34). Let b be (341 - v) + (1/(-1) - 0). Calculate the greatest common divisor of 52 and b.
26
Suppose -j + 333 - 1354 = -2*a, 1549 = 3*a - 5*j. Calculate the greatest common factor of 889 and a.
127
Let l(t) = -144*t**2 + 379*t + 1. Let d be l(2). What is the highest common factor of 183 and d?
183
Suppose 202*x = 4*x + 198594. What is the greatest common divisor of x and 68?
17
Let g = 88 - 88. Let n be (-276)/60*(g - (1 + 4)). Suppose 2*s - 350 = -5*z, -2*z + s = -108 - n. What is the highest common divisor of 102 and z?
34
Suppose 64 = 4*b + 2*l - 6*l, -3*b - 5*l + 64 = 0. Suppose -d - 16 = -b. Suppose 378 = 9*x - d*x. Calculate the greatest common divisor of x and 27.
27
Let h(w) = -404*w - 1784. Let y be h(-7). Calculate the highest common divisor of 1508 and y.
116
Let p(b) be the first derivative of b**3/3 - b**2/2 + 64*b + 43. Let u be p(-8). What is the greatest common divisor of u and 8?
8
Let v(p) = 4*p**2 - 34*p - 24. Let z be v(9). Let t be ((210/(-18))/(-7))/(z/(-72)). Calculate the highest common divisor of 68 and t.
4
Let b(w) = -w**3 - 24*w**2 - 155*w - 27. Let s be b(-8). What is the highest common factor of 2079 and s?
189
Suppose -128*k = 199*k - 183039 + 4497. What is the highest common divisor of 798 and k?
42
Let a(u) = -31*u + 454. Let l be a(10). What is the greatest common factor of 528 and l?
48
Let a(n) = 4029*n**2 - 6*n - 9. Let v be a(-1). Calculate the highest common divisor of 66 and v.
66
Suppose 142*g = 152*g - 39100. What is the highest common divisor of g and 92?
46
Suppose -5*p = u - 37, -5*u + 10*u - 290 = -4*p. Let z be (-176)/(-2 - 6)*31. Calculate the highest common factor of u and z.
62
Suppose 46345 + 16120 = 13*j. What is the greatest common divisor of j and 10?
5
Suppose 791 = -22*g + 835. Let q = 1 + -2. Let z